 + 101001?
-22020111
In base 14, what is -342 - -165d5?
16293
In base 5, what is 201332020120 + 3?
201332020123
In base 3, what is 10202 - -1010120210221?
1010120221200
In base 12, what is -820ab74 - -38?
-820ab38
In base 14, what is 3825b + 51?
382ac
In base 2, what is -1011111100111 + 100010000000111?
10110000100000
In base 13, what is -a - -1653964?
1653957
In base 12, what is -41a05 + -2712?
-44517
In base 10, what is 947820 - 252?
947568
In base 5, what is 14204420 + -34?
14204331
In base 13, what is 95210 + 23?
95233
In base 12, what is 580405 - 9?
5803b8
In base 9, what is -5 - -3631103?
3631087
In base 10, what is -20 - 40059746?
-40059766
In base 2, what is 110001 - -11101100111001110?
11101100111111111
In base 9, what is -16 - -3385327?
3385311
In base 9, what is 4 - 305023?
-305018
In base 13, what is -3 - 238a307c?
-238a3082
In base 4, what is 3201121100211 - -10?
3201121100221
In base 8, what is 115305143 + -110?
115305033
In base 14, what is -b38b78 - -2?
-b38b76
In base 8, what is -344157 - -163?
-343774
In base 4, what is -332 + 132001122?
132000130
In base 16, what is 14912 + 2d4?
14be6
In base 13, what is 521c5 + -b?
521b7
In base 3, what is -11000022112 - -10010?
-11000012102
In base 16, what is -18a4fbd + -4?
-18a4fc1
In base 2, what is 1 - 11110010111010101011000100?
-11110010111010101011000011
In base 10, what is 529 + 1697572?
1698101
In base 7, what is -5103214 - -235?
-5102646
In base 15, what is 1b - e1eae6?
-e1eaca
In base 5, what is -10424323340 - 4?
-10424323344
In base 11, what is -183a630a + -1?
-183a6310
In base 2, what is -1000000000010100 - 1011111010001?
-1001011111100101
In base 16, what is 10 - 4c86a1?
-4c8691
In base 2, what is -1000101101 + 1110001010?
101011101
In base 11, what is 2a25 + 2a207?
32131
In base 5, what is -22233240 + -12?
-22233302
In base 14, what is -102 + -23c5a?
-23d5c
In base 16, what is aaf6 + -1?
aaf5
In base 9, what is 1001087 + 3?
1001101
In base 15, what is 10893 - -149?
109dc
In base 16, what is -1499977 + -5?
-149997c
In base 16, what is 17 - -6e20c?
6e223
In base 16, what is 1 - 4a45a3?
-4a45a2
In base 12, what is -42013 + -11b?
-42132
In base 7, what is 12346020 - 26?
12345661
In base 9, what is -2276664 - 7?
-2276672
In base 11, what is -17 - -4165891?
4165875
In base 13, what is 23423 - -7?
2342a
In base 15, what is 8 + 3e7700b?
3e77014
In base 3, what is 1012222210210 - -111?
1012222211021
In base 12, what is 3 - 22b3249?
-22b3246
In base 14, what is -10b5 + 494a?
3875
In base 5, what is 20420320 + 124?
20420444
In base 14, what is 11 - 1da38a?
-1da379
In base 12, what is -2 - 128640?
-128642
In base 9, what is 2 + 4418142?
4418144
In base 15, what is b2 + 248a?
254c
In base 8, what is 242321 + -56001?
164320
In base 16, what is -22 - 277c4?
-277e6
In base 13, what is -3441 + -15?
-3456
In base 2, what is -11000 + -1011110101101110?
-1011110110000110
In base 15, what is 50 + 227e9a?
227eea
In base 12, what is 29a - 38?
262
In base 3, what is 2102 + -12201122?
-12122020
In base 9, what is 5 + 17230825?
17230831
In base 4, what is -1111211 - 1312100?
-3023311
In base 4, what is -10 - 31301300000?
-31301300010
In base 8, what is -3 + -156630053?
-156630056
In base 11, what is -8123 + -2599a?
-33012
In base 15, what is 4 - -2610d5?
2610d9
In base 8, what is 12 - 530406?
-530374
In base 4, what is -12 - -1203020003120?
1203020003102
In base 8, what is -1236 - 15052?
-16310
In base 11, what is 15a320 - 40?
15a290
In base 7, what is 232 + -446413?
-446151
In base 5, what is 1042103113214 - -4?
1042103113223
In base 15, what is -1 - c361b?
-c361c
In base 10, what is 123867 + 2235?
126102
In base 7, what is 461 + -66513?
-66022
In base 16, what is 2cc4b - -16?
2cc61
In base 3, what is -101111110122 + 1100210?
-101110002212
In base 8, what is -20750 + -4133?
-25103
In base 14, what is 44046 - -44?
4408a
In base 8, what is -325330 + 512?
-324616
In base 12, what is -1949807 - 0?
-1949807
In base 3, what is 111112022111111220 + -2?
111112022111111211
In base 12, what is 25622b + -47?
2561a4
In base 12, what is -1a + 91090?
91072
In base 12, what is 2196 + 12b0?
3486
In base 7, what is 6106166 + -3?
6106163
In base 8, what is 40551374 + 12?
40551406
In base 13, what is 732 + -57b75?
-57443
In base 2, what is 1101111101101001110000001001 - 1?
1101111101101001110000001000
In base 9, what is 8508380 + 3?
8508383
In base 3, what is -10 - -111202120121111?
111202120121101
In base 15, what is -2b34 + 215b?
-9c8
In base 13, what is -c54069 + -5?
-c54071
In base 3, what is -111101202 - -212002002?
100200100
In base 5, what is -140302213 - 3133?
-140310401
In base 2, what is -100 + -1010010100100111011011100?
-1010010100100111011100000
In base 3, what is 2 - -120200200201222012?
120200200201222021
In base 16, what is 15fa3 - -71?
16014
In base 2, what is -10 + -1110110011001001100100111?
-1110110011001001100101001
In base 8, what is 1745504 + -3426?
1742056
In base 16, what is -b2a200 + -b?
-b2a20b
In base 15, what is 4e + 1214e?
1219d
In base 10, what is 994900 + 77?
994977
In base 9, what is -20613 + 44267?
23554
In base 6, what is 1050455 + 2411?
1053310
In base 5, what is -334212203 - 10?
-334212213
In base 5, what is 23 + -24011421?
-24011343
In base 14, what is 1cd - 7766a?
-7747b
In base 4, what is 2220 + -13221000?
-13212120
In base 4, what is 213310320003 - -20?
213310320023
In base 13, what is -128354 + 1b3?
-128171
In base 5, what is 13 + 2322412210?
2322412223
In base 8, what is 33 - 351061?
-351026
In base 8, what is -1037513451 - 2?
-1037513453
In base 7, what is -4 - -11233011?
11233004
In base 16, what is -56 + -c11e21?
-c11e77
In base 3, what is -1201021002 + 1021200?
-1122222102
In base 5, what is -440432011 - -144?
-440431312
In base 14, what is -2d757 + 3d?
-2d718
In base 8, what is 344124 + 104?
344230
In base 10, what is 440887745 - 4?
440887741
In base 3, what is -112000 - 101101211011?
-101102100011
In base 11, what is -2488763 - 31?
-2488794
In base 15, what is 21a091 - 7?
21a089
In base 2, what is 10100111010111010100010111001 + -100?
10100111010111010100010110101
In base 10, what is 1 - 5992785?
-5992784
In base 3, what is 121000201 + 212011?
121212212
In base 4, what is 1 + 303211010030?
303211010031
In base 12, what is 1a4 - 3bb850?
-3bb668
In base 6, what is -3 - -2351430?
2351423
In base 11, what is -19 - -152a999?
152a980
In base 15, what is -28 + -8b2dd?
-8b316
In base 6, what is 4 - 214212415?
-214212411
In base 5, what is 0 + 12234031401?
12234031401
In base 3, what is -101222012 + 20011012210?
12202020121
In base 8, what is 42347451 - -4?
42347455
In base 6, what is -31 - -2421314?
2421243
In base 8, what is -175202 - 77?
-175301
In base 14, what is -2 - 8b68764?
-8b68766
In base 14, what is 7a + -10a2b?
-10991
In base 5, what is -2202 - -1403420?
1401213
In base 3, what is 100 - -12011111110200011?
12011111110200111
In base 12, what is -a + 9041876?
9041868
In base 3, what is -121020 + -220111202?
-221002222
In base 6, what is -40413 - -1332?
-35041
In base 7, what is 1241566610 - -2?
1241566612
In base 16, what is 270e - 15a?
25b4
In base 3, what is 10 - 1001002001120000?
-1001002001112220
In base 10, what is -40419543 + 5?
-40419538
In base 4, what is -22123313 + 1013021?
-21110232
In base 14, what is 9c4 + -5895?
-4cb1
In base 6, what is -122423201 + 12?
-122423145
In base 7, what is 445 + -331356?
-330611
In base 3, what is -12110021100 - -1121001?
-12101200022
In base 16, what is 2bc8e62 + 5?
2bc8e67
In base 10, what is 2646789 + -4?
2646785
In base 4, what is 111022012 - 31202?
110330210
In base 7, what is -24 - -63224646?
63224622
In base 13, what is 98c10 - 267?
98976
In base 15, what is 12 + 19ae0?
19b02
In base 5, what is 2233003 - 14?
2232434
In base 10, what is -23099570 - 13?
-23099583
In base 15, what is 0 - 199dc3?
-199dc3
In base 3, what is -1201 - -1000110021122?
1000110012221
In base 6, what is 21 + 522340021?
522340042
In base 3, what is -1121221211021021 - -10?
-1121221211021011
In base 6, what is 12 - 52454530?
-52454514
In base 3, what is 1112 + 111121001002?
111121002121
In base 2, what is 11011 + -11011100000110111?
-11011100000011100
In base 13, what is -b005 - -379?
-a959
In base 14, what is -3 + bd4307?
bd4304
In base 4, what i